vided by 291?
72
Calculate the remainder when 1329 is divided by 182.
55
Calculate the remainder when 18 is divided by 11.
7
What is the remainder when 370 is divided by 29?
22
What is the remainder when 118 is divided by 24?
22
What is the remainder when 230 is divided by 40?
30
What is the remainder when 15 is divided by 2?
1
What is the remainder when 3347 is divided by 12?
11
What is the remainder when 225 is divided by 58?
51
Calculate the remainder when 1378 is divided by 1.
0
What is the remainder when 319 is divided by 16?
15
What is the remainder when 441 is divided by 75?
66
Calculate the remainder when 177 is divided by 15.
12
Calculate the remainder when 939 is divided by 230.
19
What is the remainder when 791 is divided by 361?
69
What is the remainder when 697 is divided by 140?
137
Calculate the remainder when 147 is divided by 15.
12
What is the remainder when 58 is divided by 13?
6
Calculate the remainder when 1387 is divided by 52.
35
What is the remainder when 1092 is divided by 73?
70
Calculate the remainder when 172 is divided by 92.
80
Calculate the remainder when 1371 is divided by 53.
46
Calculate the remainder when 1264 is divided by 632.
0
What is the remainder when 1136 is divided by 303?
227
Calculate the remainder when 2753 is divided by 17.
16
What is the remainder when 573 is divided by 47?
9
What is the remainder when 54 is divided by 5?
4
What is the remainder when 347 is divided by 70?
67
Calculate the remainder when 530 is divided by 261.
8
What is the remainder when 1348 is divided by 45?
43
Calculate the remainder when 704 is divided by 139.
9
What is the remainder when 123 is divided by 14?
11
Calculate the remainder when 182 is divided by 22.
6
What is the remainder when 125 is divided by 118?
7
Calculate the remainder when 945 is divided by 22.
21
Calculate the remainder when 727 is divided by 49.
41
What is the remainder when 90 is divided by 1?
0
What is the remainder when 5539 is divided by 37?
26
Calculate the remainder when 1095 is divided by 536.
23
What is the remainder when 114 is divided by 1?
0
Calculate the remainder when 4439 is divided by 39.
32
What is the remainder when 75 is divided by 52?
23
What is the remainder when 1583 is divided by 88?
87
What is the remainder when 226 is divided by 125?
101
What is the remainder when 169 is divided by 44?
37
Calculate the remainder when 306 is divided by 291.
15
What is the remainder when 2685 is divided by 16?
13
Calculate the remainder when 1715 is divided by 86.
81
What is the remainder when 306 is divided by 28?
26
Calculate the remainder when 178 is divided by 62.
54
Calculate the remainder when 326 is divided by 15.
11
Calculate the remainder when 3950 is divided by 26.
24
What is the remainder when 340 is divided by 44?
32
What is the remainder when 447 is divided by 80?
47
Calculate the remainder when 1459 is divided by 20.
19
What is the remainder when 4196 is divided by 17?
14
Calculate the remainder when 411 is divided by 69.
66
Calculate the remainder when 876 is divided by 40.
36
Calculate the remainder when 16 is divided by 10.
6
Calculate the remainder when 638 is divided by 147.
50
Calculate the remainder when 43 is divided by 9.
7
Calculate the remainder when 412 is divided by 200.
12
What is the remainder when 573 is divided by 44?
1
What is the remainder when 398 is divided by 16?
14
Calculate the remainder when 256 is divided by 31.
8
What is the remainder when 117 is divided by 42?
33
What is the remainder when 719 is divided by 9?
8
What is the remainder when 355 is divided by 17?
15
What is the remainder when 64 is divided by 29?
6
What is the remainder when 1458 is divided by 14?
2
Calculate the remainder when 19837 is divided by 32.
29
Calculate the remainder when 1767 is divided by 26.
25
Calculate the remainder when 494 is divided by 31.
29
Calculate the remainder when 11 is divided by 7.
4
What is the remainder when 119 is divided by 35?
14
Calculate the remainder when 48 is divided by 7.
6
What is the remainder when 233 is divided by 78?
77
Calculate the remainder when 716 is divided by 56.
44
Calculate the remainder when 129 is divided by 86.
43
Calculate the remainder when 57 is divided by 46.
11
What is the remainder when 85 is divided by 57?
28
What is the remainder when 10 is divided by 4?
2
What is the remainder when 634 is divided by 63?
4
Calculate the remainder when 3450 is divided by 172.
10
Calculate the remainder when 16 is divided by 10.
6
What is the remainder when 321 is divided by 36?
33
What is the remainder when 223 is divided by 15?
13
Calculate the remainder when 2329 is divided by 21.
19
What is the remainder when 198 is divided by 106?
92
Calculate the remainder when 480 is divided by 24.
0
Calculate the remainder when 164 is divided by 55.
54
What is the remainder when 2415 is divided by 8?
7
What is the remainder when 77477 is divided by 74?
73
Calculate the remainder when 215 is divided by 47.
27
Calculate the remainder when 205 is divided by 24.
13
Calculate the remainder when 1869 is divided by 38.
7
Calculate the remainder when 66 is divided by 39.
27
Calculate the remainder when 25 is divided by 2.
1
Calculate the remainder when 1417 is divided by 19.
11
What is the remainder when 1342 is divided by 14?
12
Calculate the remainder when 225 is divided by 76.
73
What is the remainder when 837 is divided by 93?
0
What is the remainder when 959 is divided by 12?
11
What is the remainder when 1662 is divided by 276?
6
Calculate the remainder when 2018 is divided by 10.
8
Calculate the remainder when 283 is divided by 281.
2
What is the remainder when 185 is divided by 63?
59
What is the remainder when 143 is divided by 37?
32
Calculate the remainder when 77 is divided by 30.
17
What is the remainder when 44 is divided by 12?
8
What is the remainder when 573 is divided by 96?
93
Calculate the remainder when 154 is divided by 54.
46
What is the remainder when 210 is divided by 17?
6
What is the remainder when 23 is divided by 10?
3
Calculate the remainder when 292 is divided by 212.
80
Calculate the remainder when 1678 is divided by 111.
13
What is the remainder when 107 is divided by 18?
17
What is the remainder when 2806 is divided by 47?
33
Calculate the remainder when 608 is divided by 280.
48
Calculate the remainder when 1162 is divided by 15.
7
Calculate the remainder when 38 is divided by 14.
10
Calculate the remainder when 62 is divided by 16.
14
What is the remainder when 1760 is divided by 21?
17
What is the remainder when 104 is divided by 17?
2
What is the remainder when 1740 is divided by 67?
65
Calculate the remainder when 1005 is divided by 294.
123
Calculate the remainder when 389 is divided by 381.
8
What is the remainder when 73 is divided by 29?
15
What is the remainder when 565 is divided by 148?
121
What is the remainder when 185 is divided by 36?
5
What is the remainder when 85 is divided by 10?
5
What is the remainder when 126 is divided by 125?
1
Calculate the remainder when 98 is divided by 32.
2
Calculate the remainder when 25 is divided by 6.
1
Calculate the remainder when 24 is divided by 10.
4
What is the remainder when 110 is divided by 10?
0
Calculate the remainder when 540 is divided by 83.
42
What is the remainder when 24 is divided by 13?
11
What is the remainder when 137 is divided by 7?
4
Calculate the remainder when 38 is divided by 13.
12
What is the remainder when 421 is divided by 209?
3
Calculate the remainder when 216 is divided by 77.
62
Calculate the remainder when 618 is divided by 23.
20
What is the remainder when 295 is divided by 39?
22
Calculate the remainder when 85 is divided by 27.
4
Calculate the remainder when 109 is divided by 73.
36
Calculate the remainder when 116 is divided by 53.
10
What is the remainder when 42 is divided by 32?
10
Calculate the remainder when 264 is divided by 15.
9
What is the remainder when 12554 is divided by 155?
154
Calculate the remainder when 716 is divided by 78.
14
What is the remainder when 385 is divided by 89?
29
What is the remainder when 327 is divided by 26?
15
Calculate the remainder when 276 is divided by 24.
12
What is the remainder when 22 is divided by 16?
6
Calculate the remainder when 5104 is div